{"id":279,"date":"2018-03-14T13:55:58","date_gmt":"2018-03-14T12:55:58","guid":{"rendered":"http:\/\/paroisse-bangkok.com\/?page_id=279"},"modified":"2025-02-24T16:13:53","modified_gmt":"2025-02-24T15:13:53","slug":"infos-pratiques","status":"publish","type":"page","link":"http:\/\/paroisse-bangkok.com\/index.php\/infos-pratiques\/","title":{"rendered":"Infos pratiques"},"content":{"rendered":"<p style=\"text-align: center;\"><span style=\"color: #3366ff;\">PAGES FACEBOOK<\/span><br \/><a href=\"https:\/\/www.facebook.com\/Paroisse-francophone-de-Bangkok-1862332020464727\">Paroisse<\/a> (communaut\u00e9)<br \/><a href=\"https:\/\/www.facebook.com\/paroisse.francophone\">Mep Silom<\/a>\u00a0(profil)<\/p>\n<p style=\"text-align: center;\"><span style=\"color: #3366ff;\">ADRESSE<\/span><br \/><span style=\"color: #000000;\">Paris Foreign Missions<\/span><br \/><span style=\"color: #000000;\">254 Silom Road<\/span><br \/><span style=\"color: #000000;\">Bangkok 10500<br \/><a href=\"https:\/\/www.google.com\/maps\/place\/Paroisse+francophone+de+Bangkok\/@13.72508,100.52333,15z\/data=!4m5!3m4!1s0x0:0xe2e6f4ea9cba3c00!8m2!3d13.72508!4d100.52333\"><br \/><span style=\"color: #3366ff;\">Google map<\/span><\/a><br \/>Acc\u00e8s MRT : Silom (10 min \u00e0 pied)<br \/>BTS : Saint Louis (7 min \u00e0 pied)<br \/>BUS : 15, 76, 77, 115, 163, 164<br \/><\/span><\/p>\n<p style=\"text-align: center;\"><span style=\"color: #3366ff;\">COURRIEL<\/span><\/p>\n<p style=\"text-align: center;\">paroissecatholique.bangkok@gmail.com<\/p>\n<p style=\"text-align: center;\"><span style=\"color: #3366ff;\">HORAIRE DES MESSES<\/span><\/p>\n<p style=\"text-align: center;\"><span style=\"color: #000000;\">En semaine : Contactez la paroisse par courriel<\/span><\/p>\n<p style=\"text-align: center;\"><span style=\"color: #000000;\">Le Dimanche, Grand Messe \u00e0 10h30 <\/span><\/p>\n<p style=\"text-align: center;\"><span style=\"color: #000000;\">\u00e0 la chapelle de Saint Joseph Convent School<\/span><\/p>\n<p style=\"text-align: center;\"><span style=\"color: #3366ff;\">FAIRE UN DON<br \/><\/span>Coordonn\u00e9es bancaires de la Paroisse : <a href=\"http:\/\/paroisse-bangkok.com\/wp-content\/uploads\/2020\/05\/Qu\u00eates-RIB3.pdf\"><span style=\"color: #ff00ff;\">RIB<\/span><\/a><\/p>\n<p style=\"text-align: center;\"><span style=\"color: #3366ff;\">MESSES AILLEURS DANS BANGKOK<br \/><\/span><strong style=\"color: #000000;\">en Anglais :<br \/><\/strong><span style=\"color: #000000;\">Holy Redeemer Church<br \/>samedi soir \u00e0 18h30<br \/>et dimanche \u00e0 08h30, 09h45, 11h00 et 17h30<\/span><\/p>\n<p style=\"text-align: center;\">Cath\u00e9drale de l&rsquo;Assomption<br \/><span style=\"color: #000000;\">dimanche \u00e0 10h00<\/span><\/p>\n<p style=\"text-align: center;\"><strong style=\"color: #000000;\">en Thai :<br \/><\/strong><span style=\"color: #000000;\">Eglise Saint-Louis<br \/>dimanche \u00e0 06h00, 08h00, 10h00, 12h00 et 17h30<\/span><\/p>\n<p style=\"text-align: center;\"><span style=\"color: #000000;\">Pour plus de renseignements : <a style=\"color: #000000;\" href=\"http:\/\/www.catholic.or.th\/eng\/\" target=\"_blank\" rel=\"noopener noreferrer\"><span style=\"color: #800000;\">site du dioc\u00e8se<\/span> <span style=\"color: #800000;\">de Bangkok<\/span><\/a><\/span><strong><br \/><\/strong><\/p>\n<p style=\"text-align: center;\"><span style=\"color: #3366ff;\">MEDIA CATHOLIQUES<br \/><\/span><\/p>\n<p style=\"text-align: center;\"><a href=\"https:\/\/www.ktotv.com\"><span style=\"color: #3366ff;\"><span style=\"color: #333333;\">KTO :<\/span><\/span><\/a><a href=\"https:\/\/www.ktotv.com\"><span style=\"color: #3366ff;\"> t\u00e9l\u00e9vision catholique<\/span><\/a><\/p>\n<p style=\"text-align: center;\"><span style=\"color: #3366ff;\"><a style=\"color: #3366ff;\" href=\"https:\/\/www.vaticannews.va\/fr.html\"><span style=\"color: #333333;\">VATICAN NEWS :<\/span>\u00a0Pape, Saint-Si\u00e8ge et \u00c9glise dans le monde<\/a><\/span><\/p>\n<p style=\"text-align: center;\"><span style=\"color: #3366ff;\"><a style=\"color: #3366ff;\" href=\"https:\/\/fr.zenit.org\"><span style=\"color: #333333;\">ZENIT :<\/span> le monde vue de Rome<\/a><\/span><\/p>\n<p style=\"text-align: center;\"><span style=\"color: #3366ff;\"><a style=\"color: #3366ff;\" href=\"https:\/\/www.ucanews.com\"><span style=\"color: #333333;\">UCANEWS :<\/span> catholic news source in Asia<\/a><\/span><\/p>\n<p style=\"text-align: center;\"><span style=\"color: #3366ff;\"><a style=\"color: #3366ff;\" href=\"https:\/\/www.facebook.com\/lejourduseigneur\/\"><span style=\"color: #333333;\">LE JOUR DU SEIGNEUR :<\/span> spiritualit\u00e9 et culture contemporaine<\/a><\/span><\/p>\n<p style=\"text-align: center;\"><a href=\"https:\/\/radionotredame.net\">RADIO NOTRE-DAME : <span style=\"color: #3366ff;\">la vie prend un sens<\/span><\/a><\/p>\n\n\n<p><\/p>\n","protected":false},"excerpt":{"rendered":"<p>PAGES FACEBOOKParoisse (communaut\u00e9)Mep Silom\u00a0(profil) ADRESSEParis Foreign Missions254 Silom RoadBangkok 10500Google mapAcc\u00e8s MRT : Silom (10 min \u00e0 pied)BTS : Saint Louis (7 min \u00e0 pied)BUS : 15, 76, 77, 115, 163, 164 COURRIEL paroissecatholique.bangkok@gmail.com HORAIRE DES MESSES En semaine : Contactez la paroisse par courriel Le Dimanche, Grand Messe \u00e0 10h30 \u00e0 la chapelle de &hellip; <a href=\"http:\/\/paroisse-bangkok.com\/index.php\/infos-pratiques\/\" class=\"more-link\">Continuer la lecture de <span class=\"screen-reader-text\">Infos pratiques<\/span><\/a><\/p>\n","protected":false},"author":1,"featured_media":0,"parent":0,"menu_order":0,"comment_status":"closed","ping_status":"closed","template":"","meta":[],"_links":{"self":[{"href":"http:\/\/paroisse-bangkok.com\/index.php\/wp-json\/wp\/v2\/pages\/279"}],"collection":[{"href":"http:\/\/paroisse-bangkok.com\/index.php\/wp-json\/wp\/v2\/pages"}],"about":[{"href":"http:\/\/paroisse-bangkok.com\/index.php\/wp-json\/wp\/v2\/types\/page"}],"author":[{"embeddable":true,"href":"http:\/\/paroisse-bangkok.com\/index.php\/wp-json\/wp\/v2\/users\/1"}],"replies":[{"embeddable":true,"href":"http:\/\/paroisse-bangkok.com\/index.php\/wp-json\/wp\/v2\/comments?post=279"}],"version-history":[{"count":74,"href":"http:\/\/paroisse-bangkok.com\/index.php\/wp-json\/wp\/v2\/pages\/279\/revisions"}],"predecessor-version":[{"id":4106,"href":"http:\/\/paroisse-bangkok.com\/index.php\/wp-json\/wp\/v2\/pages\/279\/revisions\/4106"}],"wp:attachment":[{"href":"http:\/\/paroisse-bangkok.com\/index.php\/wp-json\/wp\/v2\/media?parent=279"}],"curies":[{"name":"wp","href":"https:\/\/api.w.org\/{rel}","templated":true}]}}