{"id":590,"date":"2018-06-04T10:45:56","date_gmt":"2018-06-04T08:45:56","guid":{"rendered":"http:\/\/paroisse-bangkok.com\/?page_id=590"},"modified":"2024-12-19T17:52:33","modified_gmt":"2024-12-19T16:52:33","slug":"mep","status":"publish","type":"page","link":"http:\/\/paroisse-bangkok.com\/index.php\/mep\/","title":{"rendered":"P\u00e8res MEP"},"content":{"rendered":"<p><img loading=\"lazy\" class=\"alignnone wp-image-821\" src=\"http:\/\/paroisse-bangkok.com\/wp-content\/uploads\/2019\/04\/unnamed-268x300.jpg\" alt=\"\" width=\"99\" height=\"110\" srcset=\"http:\/\/paroisse-bangkok.com\/wp-content\/uploads\/2019\/04\/unnamed-268x300.jpg 268w, http:\/\/paroisse-bangkok.com\/wp-content\/uploads\/2019\/04\/unnamed.jpg 295w\" sizes=\"(max-width: 99px) 100vw, 99px\" \/><img loading=\"lazy\" class=\"alignnone size-medium wp-image-937\" src=\"http:\/\/paroisse-bangkok.com\/wp-content\/uploads\/2019\/11\/Sans-titre-6-1024x320-300x94.png\" alt=\"\" width=\"300\" height=\"94\" srcset=\"http:\/\/paroisse-bangkok.com\/wp-content\/uploads\/2019\/11\/Sans-titre-6-1024x320-300x94.png 300w, http:\/\/paroisse-bangkok.com\/wp-content\/uploads\/2019\/11\/Sans-titre-6-1024x320-768x240.png 768w, http:\/\/paroisse-bangkok.com\/wp-content\/uploads\/2019\/11\/Sans-titre-6-1024x320.png 1024w\" sizes=\"(max-width: 300px) 100vw, 300px\" \/><\/p>\n<p><span style=\"color: #333333;\">Depuis 360 ans les Missions \u00c9trang\u00e8res de Paris contribuent \u00e0 l&rsquo;Evang\u00e9lisation de nombreux pays d&rsquo;Asie tel que la Tha\u00eflande, le Vietnam, la Chine, le Cambodge, l&rsquo;Inde, le Laos, le Japon, la Cor\u00e9e, la Malaisie, Singapour, la Birmanie, l&rsquo;Indon\u00e9sie.<\/span><\/p>\n<p><span style=\"color: #333333;\">Aujourd&rsquo;hui les MEP comptent plus de 120 pr\u00eatres, et chaque ann\u00e9e 120 \u00e0 150 jeunes volontaires sont envoy\u00e9s en mission en Asie et dans l&rsquo;Oc\u00e9an Indien.<\/span><\/p>\n<p><span style=\"color: #333333;\">Pour plus de renseignements, veuillez consulter les sites ci-dessous :<\/span><\/p>\n<p><strong><span style=\"color: #3366ff;\"><a style=\"color: #3366ff;\" href=\"https:\/\/missionsetrangeres.com\">Missions Etrang\u00e8res<\/a><\/span><\/strong><\/p>\n<p><span style=\"color: #3366ff;\"><strong><a style=\"color: #3366ff;\" href=\"https:\/\/www.irfa.paris\/fr\">Institut de recherche France-Asie<\/a><\/strong><\/span><\/p>\n<p><strong><span style=\"color: #3366ff;\"><a style=\"color: #3366ff;\" href=\"https:\/\/volontairemep.com\/\">Volontariat MEP<\/a><\/span><\/strong><\/p>\n<p><img loading=\"lazy\" class=\"aligncenter wp-image-636 size-full\" src=\"http:\/\/paroisse-bangkok.com\/wp-content\/uploads\/2018\/06\/31131784_1689970294414589_7406540552126070784_n.png\" alt=\"\" width=\"828\" height=\"315\" srcset=\"http:\/\/paroisse-bangkok.com\/wp-content\/uploads\/2018\/06\/31131784_1689970294414589_7406540552126070784_n.png 828w, http:\/\/paroisse-bangkok.com\/wp-content\/uploads\/2018\/06\/31131784_1689970294414589_7406540552126070784_n-300x114.png 300w, http:\/\/paroisse-bangkok.com\/wp-content\/uploads\/2018\/06\/31131784_1689970294414589_7406540552126070784_n-768x292.png 768w\" sizes=\"(max-width: 828px) 100vw, 828px\" \/><\/p>\n\n\n<p><\/p>\n","protected":false},"excerpt":{"rendered":"<p>Depuis 360 ans les Missions \u00c9trang\u00e8res de Paris contribuent \u00e0 l&rsquo;Evang\u00e9lisation de nombreux pays d&rsquo;Asie tel que la Tha\u00eflande, le Vietnam, la Chine, le Cambodge, l&rsquo;Inde, le Laos, le Japon, la Cor\u00e9e, la Malaisie, Singapour, la Birmanie, l&rsquo;Indon\u00e9sie. Aujourd&rsquo;hui les MEP comptent plus de 120 pr\u00eatres, et chaque ann\u00e9e 120 \u00e0 150 jeunes volontaires sont &hellip; <a href=\"http:\/\/paroisse-bangkok.com\/index.php\/mep\/\" class=\"more-link\">Continuer la lecture de <span class=\"screen-reader-text\">P\u00e8res MEP<\/span><\/a><\/p>\n","protected":false},"author":1,"featured_media":0,"parent":0,"menu_order":0,"comment_status":"closed","ping_status":"closed","template":"","meta":[],"_links":{"self":[{"href":"http:\/\/paroisse-bangkok.com\/index.php\/wp-json\/wp\/v2\/pages\/590"}],"collection":[{"href":"http:\/\/paroisse-bangkok.com\/index.php\/wp-json\/wp\/v2\/pages"}],"about":[{"href":"http:\/\/paroisse-bangkok.com\/index.php\/wp-json\/wp\/v2\/types\/page"}],"author":[{"embeddable":true,"href":"http:\/\/paroisse-bangkok.com\/index.php\/wp-json\/wp\/v2\/users\/1"}],"replies":[{"embeddable":true,"href":"http:\/\/paroisse-bangkok.com\/index.php\/wp-json\/wp\/v2\/comments?post=590"}],"version-history":[{"count":38,"href":"http:\/\/paroisse-bangkok.com\/index.php\/wp-json\/wp\/v2\/pages\/590\/revisions"}],"predecessor-version":[{"id":4023,"href":"http:\/\/paroisse-bangkok.com\/index.php\/wp-json\/wp\/v2\/pages\/590\/revisions\/4023"}],"wp:attachment":[{"href":"http:\/\/paroisse-bangkok.com\/index.php\/wp-json\/wp\/v2\/media?parent=590"}],"curies":[{"name":"wp","href":"https:\/\/api.w.org\/{rel}","templated":true}]}}